ctor of 22 and 253?
11
What is the greatest common divisor of 187 and 13277?
187
What is the greatest common divisor of 90 and 60?
30
Calculate the highest common factor of 93 and 93.
93
Calculate the highest common factor of 34 and 306.
34
Calculate the greatest common divisor of 73935 and 15.
15
Calculate the greatest common factor of 272 and 17.
17
Calculate the greatest common factor of 1411 and 17.
17
What is the greatest common factor of 338 and 78?
26
Calculate the greatest common factor of 237 and 30.
3
Calculate the highest common factor of 97 and 194.
97
What is the highest common factor of 284 and 2627?
71
What is the greatest common factor of 630 and 70?
70
What is the highest common factor of 128 and 16?
16
Calculate the highest common divisor of 156 and 8.
4
What is the highest common factor of 999 and 54?
27
What is the highest common divisor of 208 and 65?
13
What is the highest common divisor of 4628 and 52?
52
What is the highest common divisor of 8307 and 234?
117
Calculate the highest common factor of 6364 and 148.
148
What is the greatest common factor of 60 and 36?
12
What is the highest common divisor of 76 and 1862?
38
What is the greatest common factor of 13 and 6383?
13
What is the greatest common divisor of 261 and 1537?
29
Calculate the greatest common divisor of 1602 and 979.
89
What is the highest common divisor of 49 and 77?
7
Calculate the highest common divisor of 45 and 435.
15
What is the highest common divisor of 306 and 10812?
102
Calculate the greatest common divisor of 3 and 39.
3
Calculate the highest common divisor of 42 and 1750.
14
Calculate the greatest common factor of 704 and 22.
22
What is the greatest common divisor of 288 and 960?
96
Calculate the highest common factor of 90 and 2070.
90
Calculate the highest common factor of 48 and 112.
16
Calculate the greatest common factor of 146 and 3723.
73
Calculate the highest common factor of 240 and 44400.
240
What is the greatest common factor of 12 and 5340?
12
Calculate the greatest common factor of 11652 and 12.
12
Calculate the greatest common factor of 160 and 1000.
40
What is the highest common divisor of 32 and 240?
16
What is the highest common divisor of 48 and 6000?
48
What is the greatest common factor of 196 and 56?
28
Calculate the highest common factor of 1359 and 15.
3
What is the greatest common divisor of 5 and 139?
1
What is the greatest common factor of 9558 and 324?
162
Calculate the highest common divisor of 5934 and 1104.
138
Calculate the highest common factor of 2704 and 32.
16
Calculate the highest common divisor of 2781 and 27.
27
What is the greatest common factor of 1623 and 3?
3
Calculate the highest common divisor of 118 and 2242.
118
What is the greatest common factor of 1339 and 13?
13
Calculate the greatest common divisor of 1341 and 10430.
149
What is the highest common divisor of 504 and 2424?
24
Calculate the highest common factor of 35 and 35.
35
What is the highest common divisor of 377 and 58?
29
What is the highest common factor of 235 and 95?
5
What is the highest common factor of 275 and 99?
11
Calculate the highest common factor of 1188 and 8.
4
What is the highest common divisor of 13 and 15574?
13
What is the greatest common factor of 6120 and 168?
24
What is the greatest common divisor of 2486 and 44?
22
What is the greatest common divisor of 3045 and 70?
35
What is the greatest common divisor of 41 and 2747?
41
What is the highest common divisor of 7 and 21?
7
What is the highest common divisor of 7 and 679?
7
What is the greatest common divisor of 5877 and 3?
3
Calculate the highest common divisor of 1250 and 50.
50
What is the greatest common divisor of 1674 and 27?
27
What is the highest common divisor of 2401 and 49?
49
What is the greatest common factor of 279 and 961?
31
Calculate the greatest common divisor of 804 and 12.
12
What is the highest common factor of 10 and 125?
5
Calculate the greatest common factor of 2466 and 27.
9
Calculate the highest common divisor of 15 and 6090.
15
What is the greatest common factor of 152 and 2056?
8
Calculate the greatest common divisor of 841 and 58.
29
Calculate the highest common factor of 144 and 928.
16
What is the greatest common factor of 545 and 218?
109
Calculate the greatest common factor of 153 and 765.
153
Calculate the greatest common factor of 560 and 105.
35
Calculate the highest common divisor of 7232 and 192.
64
What is the greatest common divisor of 4320 and 160?
160
What is the highest common divisor of 1105 and 325?
65
What is the greatest common divisor of 1410 and 210?
30
What is the highest common factor of 171 and 114?
57
What is the greatest common divisor of 145 and 551?
29
Calculate the highest common factor of 36 and 576.
36
What is the highest common divisor of 9 and 333?
9
What is the highest common factor of 476 and 252?
28
Calculate the greatest common factor of 374 and 110.
22
What is the greatest common divisor of 124 and 217?
31
Calculate the greatest common factor of 18 and 225.
9
What is the greatest common factor of 96 and 528?
48
What is the greatest common divisor of 7 and 34?
1
What is the highest common divisor of 39 and 3263?
13
What is the highest common divisor of 25 and 7115?
5
What is the highest common divisor of 72 and 160?
8
What is the greatest common factor of 3888 and 9?
9
Calculate the greatest common divisor of 166 and 3735.
83
What is the greatest common factor of 54 and 567?
27
Calculate the greatest common factor of 152 and 4598.
38
What is the highest common divisor of 6 and 1158?
6
What is the highest common factor of 1659 and 63?
21
What is the greatest common factor of 6 and 831?
3
Calculate the greatest common factor of 288 and 108.
36
Calculate the greatest common factor of 834 and 695.
139
What is the greatest common factor of 5 and 320?
5
What is the highest common divisor of 592 and 259?
37
What is the highest common divisor of 24 and 372?
12
What is the greatest common factor of 42 and 1155?
21
What is the greatest common divisor of 231 and 7?
7
Calculate the highest common divisor of 279 and 2418.
93
Calculate the highest common factor of 2921 and 23.
23
What is the highest common divisor of 368 and 24?
8
What is the highest common factor of 88 and 286?
22
What is the highest common divisor of 258 and 1978?
86
Calculate the greatest common factor of 9847 and 129.
43
What is the highest common divisor of 153 and 51?
51
What is the highest common divisor of 61 and 244?
61
Calculate the greatest common factor of 3216 and 192.
48
Calculate the highest common divisor of 77 and 35.
7
What is the highest common factor of 10 and 90?
10
What is the greatest common divisor of 216 and 80?
8
What is the greatest common divisor of 412 and 927?
103
What is the highest common divisor of 4 and 74?
2
What is the greatest common factor of 57 and 323?
19
Calculate the highest common factor of 289 and 34.
17
What is the greatest common divisor of 405 and 735?
15
Calculate the highest common factor of 92 and 18.
2
What is the greatest common divisor of 6 and 76?
2
Calculate the greatest common divisor of 520 and 80.
40
Calculate the greatest common divisor of 142 and 2.
2
What is the greatest common factor of 44 and 22?
22
Calculate the highest common divisor of 91 and 1183.
91
Calculate the greatest common divisor of 976 and 122.
122
Calculate the greatest common factor of 258 and 18.
6
What is the greatest common factor of 16 and 52?
4
What is the greatest common divisor of 154 and 266?
14
What is the greatest common divisor of 186 and 4836?
186
Calculate the highest common divisor of 21 and 90.
3
Calculate the greatest common factor of 180 and 80.
20
Calculate the greatest common factor of 1899 and 422.
211
Calculate the highest common factor of 486 and 198.
18
Calculate the highest common divisor of 6 and 30.
6
Calculate the greatest common factor of 2616 and 108.
12
Calculate the highest common divisor of 2925 and 130.
65
Calculate the greatest common divisor of 18 and 648.
18
Calculate the highest common divisor of 1066 and 598.
26
Calculate the greatest common divisor of 240 and 4992.
48
What is the greatest common divisor of 70 and 224?
14
Calculate the highest common factor of 204 and 68.
68
What is 